{"id":952,"date":"2013-08-07T13:07:22","date_gmt":"2013-08-07T11:07:22","guid":{"rendered":"http:\/\/www.kravmaga-lemans.com\/?page_id=952"},"modified":"2013-08-07T13:26:32","modified_gmt":"2013-08-07T11:26:32","slug":"points-sensibles","status":"publish","type":"page","link":"https:\/\/www.kravmaga-lemans.com\/?page_id=952","title":{"rendered":"Points sensibles"},"content":{"rendered":"<p style=\"text-align: justify;\"><span style=\"text-align: justify;\">En Krav Maga on peut percuter avec toutes les armes naturelles : poings, pieds, coudes, genoux, t\u00eate et ce sur toutes les zones du corps humain.<\/span><\/p>\n<p style=\"text-align: justify;\">Toutefois, \u00e0 l&rsquo;entra\u00eenement on va privil\u00e9gier, pour les automatiser, les frappes sur les points les plus sensibles du corps humain : les yeux, la gorge et le triangle g\u00e9nital.<\/p>\n<p style=\"text-align: justify;\">Ce sont des zones tr\u00e8s vuln\u00e9rables car elles ne sont pas prot\u00e9g\u00e9es par des muscles.<\/p>\n<p style=\"text-align: justify;\">M\u00eame si l\u2019agresseur est imposant, il sera neutralis\u00e9 par une jeune fille fluette si elle lui griffe les yeux ou lui met un coup de genou dans les parties !<\/p>\n","protected":false},"excerpt":{"rendered":"<p>En Krav Maga on peut percuter avec toutes les armes naturelles : poings, pieds, coudes, genoux, t\u00eate et ce sur toutes les zones du corps humain. Toutefois, \u00e0 l&rsquo;entra\u00eenement on va privil\u00e9gier, pour les automatiser, les frappes sur les points &hellip; <a href=\"https:\/\/www.kravmaga-lemans.com\/?page_id=952\">Continuer la lecture <span class=\"meta-nav\">&rarr;<\/span><\/a><\/p>\n","protected":false},"author":1,"featured_media":0,"parent":0,"menu_order":0,"comment_status":"closed","ping_status":"open","template":"","meta":{"footnotes":""},"class_list":["post-952","page","type-page","status-publish","hentry"],"_links":{"self":[{"href":"https:\/\/www.kravmaga-lemans.com\/index.php?rest_route=\/wp\/v2\/pages\/952","targetHints":{"allow":["GET"]}}],"collection":[{"href":"https:\/\/www.kravmaga-lemans.com\/index.php?rest_route=\/wp\/v2\/pages"}],"about":[{"href":"https:\/\/www.kravmaga-lemans.com\/index.php?rest_route=\/wp\/v2\/types\/page"}],"author":[{"embeddable":true,"href":"https:\/\/www.kravmaga-lemans.com\/index.php?rest_route=\/wp\/v2\/users\/1"}],"replies":[{"embeddable":true,"href":"https:\/\/www.kravmaga-lemans.com\/index.php?rest_route=%2Fwp%2Fv2%2Fcomments&post=952"}],"version-history":[{"count":3,"href":"https:\/\/www.kravmaga-lemans.com\/index.php?rest_route=\/wp\/v2\/pages\/952\/revisions"}],"predecessor-version":[{"id":987,"href":"https:\/\/www.kravmaga-lemans.com\/index.php?rest_route=\/wp\/v2\/pages\/952\/revisions\/987"}],"wp:attachment":[{"href":"https:\/\/www.kravmaga-lemans.com\/index.php?rest_route=%2Fwp%2Fv2%2Fmedia&parent=952"}],"curies":[{"name":"wp","href":"https:\/\/api.w.org\/{rel}","templated":true}]}}