{"id":881,"date":"2013-08-07T09:23:17","date_gmt":"2013-08-07T07:23:17","guid":{"rendered":"http:\/\/www.kravmaga-lemans.com\/?page_id=881"},"modified":"2013-08-07T18:46:18","modified_gmt":"2013-08-07T16:46:18","slug":"generalites","status":"publish","type":"page","link":"https:\/\/www.kravmaga-lemans.com\/?page_id=881","title":{"rendered":"G\u00e9n\u00e9ralit\u00e9s"},"content":{"rendered":"<p style=\"text-align: justify;\">Les entra\u00eenements sont ouverts \u00e0 tous : hommes, femmes de tous \u00e2ges et adolescents (\u00e0 partir de 15 ans) et ce quelle que soit votre condition physique et votre niveau de pratique.<\/p>\n<p style=\"text-align: justify;\">Les adh\u00e9rents de notre club se sont inscrits : seuls, avec des amis, avec des coll\u00e8gues ou m\u00eame en couple.<\/p>\n<p style=\"text-align: justify;\">Certains clubs dispensent des cours qui ne sont r\u00e9serv\u00e9s qu&rsquo;aux femmes, mais en ce qui nous concerne, nous privil\u00e9gions la mixit\u00e9 dans les entra\u00eenements. Il est pr\u00e9f\u00e9rable pour une\u00a0femme\u00a0de s&rsquo;entra\u00eener avec un homme car lors d&rsquo;une agression, elle sera plut\u00f4t confront\u00e9e \u00e0 un homme qu&rsquo;\u00e0 une femme.<\/p>\n<p style=\"text-align: justify;\">Il y a divers param\u00e8tres \u00e0 prendre en compte lors de l&rsquo;ex\u00e9cutions de techniques (puissance, diff\u00e9rence de taille, de poids), d&rsquo;o\u00f9 la pertinence des entra\u00eenements avec des personnes de sexe oppos\u00e9s ou de morphologie diverses et ce par souci de r\u00e9alisme.<\/p>\n<p style=\"text-align: justify;\">Nous distinguons 3 types de pratiquants :<\/p>\n<ul>\n<li>les particuliers<\/li>\n<\/ul>\n<ul>\n<li><span style=\"text-align: justify;\">les corporations : cela englobe les professions qui impliquent un contact direct avec le public et qui sont susceptibles d&rsquo;\u00eatre expos\u00e9es \u00e0 un danger physique<\/span><\/li>\n<\/ul>\n<p style=\"text-align: justify;\">Ex : commer\u00e7ants, pompiers, infirmiers, agents de comptoir<\/p>\n<ul>\n<li>les professionnels : les techniques sont les m\u00eames que pour les particuliers mais l&rsquo;entra\u00eenement est plus pouss\u00e9. Les techniques enseign\u00e9es sont \u00e9galement militaires et anti-terroristes<\/li>\n<\/ul>\n<p style=\"text-align: justify;\">Ex : Arm\u00e9e, services de s\u00e9curit\u00e9, services de protection rapproch\u00e9e, Police, Gendarmerie<\/p>\n<p>&nbsp;<\/p>\n","protected":false},"excerpt":{"rendered":"<p>Les entra\u00eenements sont ouverts \u00e0 tous : hommes, femmes de tous \u00e2ges et adolescents (\u00e0 partir de 15 ans) et ce quelle que soit votre condition physique et votre niveau de pratique. Les adh\u00e9rents de notre club se sont inscrits &hellip; <a href=\"https:\/\/www.kravmaga-lemans.com\/?page_id=881\">Continuer la lecture <span class=\"meta-nav\">&rarr;<\/span><\/a><\/p>\n","protected":false},"author":1,"featured_media":0,"parent":0,"menu_order":0,"comment_status":"closed","ping_status":"open","template":"","meta":{"footnotes":""},"class_list":["post-881","page","type-page","status-publish","hentry"],"_links":{"self":[{"href":"https:\/\/www.kravmaga-lemans.com\/index.php?rest_route=\/wp\/v2\/pages\/881","targetHints":{"allow":["GET"]}}],"collection":[{"href":"https:\/\/www.kravmaga-lemans.com\/index.php?rest_route=\/wp\/v2\/pages"}],"about":[{"href":"https:\/\/www.kravmaga-lemans.com\/index.php?rest_route=\/wp\/v2\/types\/page"}],"author":[{"embeddable":true,"href":"https:\/\/www.kravmaga-lemans.com\/index.php?rest_route=\/wp\/v2\/users\/1"}],"replies":[{"embeddable":true,"href":"https:\/\/www.kravmaga-lemans.com\/index.php?rest_route=%2Fwp%2Fv2%2Fcomments&post=881"}],"version-history":[{"count":4,"href":"https:\/\/www.kravmaga-lemans.com\/index.php?rest_route=\/wp\/v2\/pages\/881\/revisions"}],"predecessor-version":[{"id":1051,"href":"https:\/\/www.kravmaga-lemans.com\/index.php?rest_route=\/wp\/v2\/pages\/881\/revisions\/1051"}],"wp:attachment":[{"href":"https:\/\/www.kravmaga-lemans.com\/index.php?rest_route=%2Fwp%2Fv2%2Fmedia&parent=881"}],"curies":[{"name":"wp","href":"https:\/\/api.w.org\/{rel}","templated":true}]}}