{"id":771,"date":"2013-08-06T12:17:47","date_gmt":"2013-08-06T10:17:47","guid":{"rendered":"http:\/\/www.kravmaga-lemans.com\/?page_id=771"},"modified":"2016-01-22T19:11:47","modified_gmt":"2016-01-22T18:11:47","slug":"le-fondateur","status":"publish","type":"page","link":"https:\/\/www.kravmaga-lemans.com\/?page_id=771","title":{"rendered":"Le fondateur"},"content":{"rendered":"<p style=\"text-align: justify;\"><strong><a href=\"http:\/\/kravmaga-lemans.com\/wp-content\/uploads\/2013\/08\/photo-KM.jpg\"><img loading=\"lazy\" decoding=\"async\" class=\"alignleft  wp-image-940\" src=\"http:\/\/kravmaga-lemans.com\/wp-content\/uploads\/2013\/08\/photo-KM.jpg\" alt=\"photo KM\" width=\"216\" height=\"262\" srcset=\"http:\/\/kravmaga-lemans.com\/wp-content\/uploads\/2013\/08\/photo-KM.jpg 360w, http:\/\/kravmaga-lemans.com\/wp-content\/uploads\/2013\/08\/photo-KM-247x300.jpg 247w\" sizes=\"auto, (max-width: 216px) 100vw, 216px\" \/><\/a>Karim MAHAOUI<\/strong>,\u00a0dipl\u00f4m\u00e9 d\u2019\u00c9tat (D.E.J.E.P.S.)\u00a0a pratiqu\u00e9 le sport d\u00e8s l\u2019enfance en\u00a0d\u00e9butant sa carri\u00e8re par le karat\u00e9\u00a0o\u00f9\u00a0il remporta plusieurs titres d\u00e9partementaux, r\u00e9gionaux, nationaux et 3<sup>e<\/sup> au Championnat International de Hongrie (F.F.S.T.).<\/p>\n<p style=\"text-align: justify;\"><b>Plus de 35 ans d\u2019arts martiaux et sports de combat.<\/b><\/p>\n<p style=\"text-align: justify;\">A l\u2019adolescence, il poursuivit sa passion pour les arts martiaux et sports de combat en pratiquant successivement pendant de nombreuses ann\u00e9es : le Judo, la Boxe Fran\u00e7aise, la Boxe Anglaise, le Kung Fu Wushu, le Wing Chun, le Chin Na, le Ta\u00ef Chi Chuan, le Taekwondo, le Systema, le Penchak Silat.<\/p>\n<p style=\"text-align: justify;\"><b>Recherche pratique et th\u00e9orique sur la self-d\u00e9fense afin d\u2019atteindre une efficacit\u00e9 en combat r\u00e9el<\/b> : la connaissance des probl\u00e8mes de la rue et un mental fort repr\u00e9sentent 70% du r\u00e9sultat final.<\/p>\n<p style=\"text-align: justify;\">En parall\u00e8le, il \u00e9tudia l\u2019\u00e9nergie interne, les points vitaux et toutes formes de pratiques destin\u00e9es \u00e0 d\u00e9velopper l\u2019acuit\u00e9 de la perception, <b>afin d\u2019augmenter ses capacit\u00e9s physiques et d\u2019acqu\u00e9rir plus de <span style=\"text-decoration: underline;\">puissance<\/span>, de <span style=\"text-decoration: underline;\">vitesse<\/span> et d\u2019<span style=\"text-decoration: underline;\">efficacit\u00e9<\/span><\/b>. Cette grande exp\u00e9rience pluridisciplinaire l\u2019a incit\u00e9 \u00e0 cr\u00e9er une forme de travail dite \u00ab interne \u00bb dont le but est d\u2019atteindre un \u00e9tat de rel\u00e2chement permettant de meilleures r\u00e9actions en combat dans les domaines de la rapidit\u00e9, de la puissance et de la r\u00e9activit\u00e9.<b> <\/b><\/p>\n<p style=\"text-align: justify;\"><b>Ceintures Noires de Karat\u00e9, 6\u00e8me DAN de Taekwondo, 4\u00e8me DAN Krav Maga et Penchak Silat. <\/b><\/p>\n<p style=\"text-align: justify;\"><b>M\u00e9daill\u00e9 d&rsquo;Argent du Minist\u00e8re de la Jeunesse et des Sports.<\/b><\/p>\n","protected":false},"excerpt":{"rendered":"<p>Karim MAHAOUI,\u00a0dipl\u00f4m\u00e9 d\u2019\u00c9tat (D.E.J.E.P.S.)\u00a0a pratiqu\u00e9 le sport d\u00e8s l\u2019enfance en\u00a0d\u00e9butant sa carri\u00e8re par le karat\u00e9\u00a0o\u00f9\u00a0il remporta plusieurs titres d\u00e9partementaux, r\u00e9gionaux, nationaux et 3e au Championnat International de Hongrie (F.F.S.T.). Plus de 35 ans d\u2019arts martiaux et sports de combat. A &hellip; <a href=\"https:\/\/www.kravmaga-lemans.com\/?page_id=771\">Continuer la lecture <span class=\"meta-nav\">&rarr;<\/span><\/a><\/p>\n","protected":false},"author":1,"featured_media":0,"parent":0,"menu_order":0,"comment_status":"closed","ping_status":"open","template":"","meta":{"footnotes":""},"class_list":["post-771","page","type-page","status-publish","hentry"],"_links":{"self":[{"href":"https:\/\/www.kravmaga-lemans.com\/index.php?rest_route=\/wp\/v2\/pages\/771","targetHints":{"allow":["GET"]}}],"collection":[{"href":"https:\/\/www.kravmaga-lemans.com\/index.php?rest_route=\/wp\/v2\/pages"}],"about":[{"href":"https:\/\/www.kravmaga-lemans.com\/index.php?rest_route=\/wp\/v2\/types\/page"}],"author":[{"embeddable":true,"href":"https:\/\/www.kravmaga-lemans.com\/index.php?rest_route=\/wp\/v2\/users\/1"}],"replies":[{"embeddable":true,"href":"https:\/\/www.kravmaga-lemans.com\/index.php?rest_route=%2Fwp%2Fv2%2Fcomments&post=771"}],"version-history":[{"count":12,"href":"https:\/\/www.kravmaga-lemans.com\/index.php?rest_route=\/wp\/v2\/pages\/771\/revisions"}],"predecessor-version":[{"id":1629,"href":"https:\/\/www.kravmaga-lemans.com\/index.php?rest_route=\/wp\/v2\/pages\/771\/revisions\/1629"}],"wp:attachment":[{"href":"https:\/\/www.kravmaga-lemans.com\/index.php?rest_route=%2Fwp%2Fv2%2Fmedia&parent=771"}],"curies":[{"name":"wp","href":"https:\/\/api.w.org\/{rel}","templated":true}]}}