{"id":2290,"date":"2026-09-02T18:14:25","date_gmt":"2026-09-02T16:14:25","guid":{"rendered":"https:\/\/www.kravmaga-lemans.com\/?page_id=2290"},"modified":"2026-09-02T18:14:25","modified_gmt":"2026-09-02T16:14:25","slug":"accueil-krav-maga","status":"publish","type":"page","link":"https:\/\/www.kravmaga-lemans.com\/","title":{"rendered":"Accueil KRAV MAGA"},"content":{"rendered":"<h1 style=\"text-align: center;\"><strong><span style=\"color: #ff6600;\">ACAD\u00c9MIE KRAV MAGA<\/span><\/strong><\/h1>\n<p><a href=\"http:\/\/kravmaga-lemans.com\/wp-content\/uploads\/2026\/09\/ChatGPT-Image-2-sept.-2026-17_55_19.png\"><img loading=\"lazy\" decoding=\"async\" class=\"aligncenter wp-image-2303 size-full\" src=\"http:\/\/kravmaga-lemans.com\/wp-content\/uploads\/2026\/09\/ChatGPT-Image-2-sept.-2026-17_55_19.png\" alt=\"\" width=\"2172\" height=\"724\" srcset=\"http:\/\/kravmaga-lemans.com\/wp-content\/uploads\/2026\/09\/ChatGPT-Image-2-sept.-2026-17_55_19.png 2172w, http:\/\/kravmaga-lemans.com\/wp-content\/uploads\/2026\/09\/ChatGPT-Image-2-sept.-2026-17_55_19-300x100.png 300w, http:\/\/kravmaga-lemans.com\/wp-content\/uploads\/2026\/09\/ChatGPT-Image-2-sept.-2026-17_55_19-1024x341.png 1024w, http:\/\/kravmaga-lemans.com\/wp-content\/uploads\/2026\/09\/ChatGPT-Image-2-sept.-2026-17_55_19-768x256.png 768w, http:\/\/kravmaga-lemans.com\/wp-content\/uploads\/2026\/09\/ChatGPT-Image-2-sept.-2026-17_55_19-1536x512.png 1536w, http:\/\/kravmaga-lemans.com\/wp-content\/uploads\/2026\/09\/ChatGPT-Image-2-sept.-2026-17_55_19-2048x683.png 2048w\" sizes=\"auto, (max-width: 2172px) 100vw, 2172px\" \/><\/a><\/p>\n<h1 style=\"text-align: center;\"><strong>Apprenez \u00e0 vous d\u00e9fendre !<\/strong><\/h1>\n<h1 style=\"text-align: center;\"><strong>Gagnez en confiance !<\/strong><\/h1>\n<h2 style=\"text-align: center;\"><em>L\u2019Acad\u00e9mie Krav Maga propose des cours de self-d\u00e9fense au Mans et dans son agglom\u00e9ration. Une m\u00e9thode r\u00e9aliste, accessible et encadr\u00e9e par des instructeurs exp\u00e9riment\u00e9s, adapt\u00e9e aussi bien aux d\u00e9butants qu\u2019aux pratiquants souhaitant progresser.<\/em><\/h2>\n<h1 style=\"text-align: center;\"><span style=\"color: #ff6600;\"><strong>NSCRIPTIONS 2026\/2027<\/strong><\/span><\/h1>\n<h3 style=\"text-align: center;\"><em>Les inscriptions sont ouvertes pour la nouvelle saison. Plusieurs formules sont propos\u00e9es selon votre salle et votre fr\u00e9quence de pratique.<\/em><\/h3>\n<p style=\"text-align: center;\"><strong>1 salle :<\/strong> 265 \u20ac<br \/>\n<strong>Acc\u00e8s illimit\u00e9 \u00e0 toutes les salles :<\/strong> 365 \u20ac<\/p>\n<p style=\"text-align: center;\">Paiement possible en plusieurs fois :<\/p>\n<p style=\"text-align: center;\">(CB 1,2,3 ou 4x en Ligne \/ Ch\u00e8ques 1,2,3 ou 4x \/ Ch\u00e8ques ANCV \/ Pass Sports \/ Bon CAF<\/p>\n<h3 style=\"text-align: center;\"><strong>INSCRIPTION par salle ou Option FULL (Acc\u00e8s \u00e0 toutes les salles) :\u00a0<\/strong><\/h3>\n<p style=\"text-align: center;\">Salle Universit\u00e9 Le Mans : <a href=\"https:\/\/academie-sarthoise-de-taekwondo.assoconnect.com\/collect\/description\/747989-w-cours-krav-maga-salle-universite-le-mans-saison-2026-2027\">https:\/\/academie-sarthoise-de-taekwondo.assoconnect.com\/collect\/description\/747989-w-cours-krav-maga-salle-universite-le-mans-saison-2026-2027<\/a><\/p>\n<p style=\"text-align: center;\">Salle Notre-Dame : <a href=\"https:\/\/academie-sarthoise-de-taekwondo.assoconnect.com\/collect\/description\/748875-w-cours-krav-maga-salle-notre-dame-saison-2026-2027\">https:\/\/academie-sarthoise-de-taekwondo.assoconnect.com\/collect\/description\/748875-w-cours-krav-maga-salle-notre-dame-saison-2026-2027<\/a><\/p>\n<p style=\"text-align: center;\">Salle Yvr\u00e9 l\u2019Ev\u00eaque : <a href=\"https:\/\/academie-sarthoise-de-taekwondo.assoconnect.com\/collect\/description\/747992-w-cours-krav-maga-salle-yvre-leveque-saison-2026-2027\">https:\/\/academie-sarthoise-de-taekwondo.assoconnect.com\/collect\/description\/747992-w-cours-krav-maga-salle-yvre-leveque-saison-2026-2027<\/a><\/p>\n<p style=\"text-align: center;\">Salle Parign\u00e9 L\u2019Ev\u00eaque : <a href=\"https:\/\/academie-sarthoise-de-taekwondo.assoconnect.com\/collect\/description\/747991-w-cours-krav-maga-salle-parigne-leveque-saison-2026-2027\">https:\/\/academie-sarthoise-de-taekwondo.assoconnect.com\/collect\/description\/747991-w-cours-krav-maga-salle-parigne-leveque-saison-2026-2027<\/a><\/p>\n<p style=\"text-align: center;\">Salle Savign\u00e9-l&rsquo;\u00c9v\u00eaque : <a href=\"https:\/\/academie-sarthoise-de-taekwondo.assoconnect.com\/collect\/description\/748872-w-cours-krav-maga-salle-savigne-l-eveque-saison-2026-2027\">https:\/\/academie-sarthoise-de-taekwondo.assoconnect.com\/collect\/description\/748872-w-cours-krav-maga-salle-savigne-l-eveque-saison-2026-2027<\/a><\/p>\n<p style=\"text-align: center;\">Salle Arnage :<a href=\"https:\/\/academie-sarthoise-de-taekwondo.assoconnect.com\/collect\/description\/747983-w-cours-krav-maga-salle-arnage-saison-2026-2027\"> https:\/\/academie-sarthoise-de-taekwondo.assoconnect.com\/collect\/description\/747983-w-cours-krav-maga-salle-arnage-saison-2026-2027<\/a><\/p>\n<h2 style=\"text-align: center;\"><span style=\"color: #ff6600;\"><strong>COURS D\u2019ESSAI GRATUIT<\/strong><\/span><\/h2>\n<p style=\"text-align: center;\"><em>Vous souhaitez d\u00e9couvrir le Krav Maga avant de vous inscrire ? Venez participer gratuitement \u00e0 un cours dans la salle de votre choix.<\/em><\/p>\n<p style=\"text-align: center;\"><em>Pr\u00e9sentez-vous environ 15 minutes avant le d\u00e9but du cours, en tenue de sport, avec une bouteille d\u2019eau et une serviette.<\/em><\/p>\n<p style=\"text-align: center;\"><a href=\"http:\/\/kravmaga-lemans.com\/wp-content\/uploads\/2026\/09\/AKM-2-2-scaled.png\"><img loading=\"lazy\" decoding=\"async\" class=\"aligncenter wp-image-2304 size-full\" src=\"http:\/\/kravmaga-lemans.com\/wp-content\/uploads\/2026\/09\/AKM-2-2-scaled.png\" alt=\"\" width=\"1811\" height=\"2560\" srcset=\"http:\/\/kravmaga-lemans.com\/wp-content\/uploads\/2026\/09\/AKM-2-2-scaled.png 1811w, http:\/\/kravmaga-lemans.com\/wp-content\/uploads\/2026\/09\/AKM-2-2-212x300.png 212w, http:\/\/kravmaga-lemans.com\/wp-content\/uploads\/2026\/09\/AKM-2-2-724x1024.png 724w, http:\/\/kravmaga-lemans.com\/wp-content\/uploads\/2026\/09\/AKM-2-2-768x1086.png 768w, http:\/\/kravmaga-lemans.com\/wp-content\/uploads\/2026\/09\/AKM-2-2-1086x1536.png 1086w, http:\/\/kravmaga-lemans.com\/wp-content\/uploads\/2026\/09\/AKM-2-2-1448x2048.png 1448w\" sizes=\"auto, (max-width: 1811px) 100vw, 1811px\" \/><\/a><\/p>\n<p>&nbsp;<\/p>\n","protected":false},"excerpt":{"rendered":"<p>ACAD\u00c9MIE KRAV MAGA Apprenez \u00e0 vous d\u00e9fendre ! Gagnez en confiance ! L\u2019Acad\u00e9mie Krav Maga propose des cours de self-d\u00e9fense au Mans et dans son agglom\u00e9ration. Une m\u00e9thode r\u00e9aliste, accessible et encadr\u00e9e par des instructeurs exp\u00e9riment\u00e9s, adapt\u00e9e aussi bien aux &hellip; <a href=\"https:\/\/www.kravmaga-lemans.com\/\">Continuer la lecture <span class=\"meta-nav\">&rarr;<\/span><\/a><\/p>\n","protected":false},"author":1,"featured_media":0,"parent":0,"menu_order":0,"comment_status":"closed","ping_status":"closed","template":"","meta":{"footnotes":""},"class_list":["post-2290","page","type-page","status-publish","hentry"],"_links":{"self":[{"href":"https:\/\/www.kravmaga-lemans.com\/index.php?rest_route=\/wp\/v2\/pages\/2290","targetHints":{"allow":["GET"]}}],"collection":[{"href":"https:\/\/www.kravmaga-lemans.com\/index.php?rest_route=\/wp\/v2\/pages"}],"about":[{"href":"https:\/\/www.kravmaga-lemans.com\/index.php?rest_route=\/wp\/v2\/types\/page"}],"author":[{"embeddable":true,"href":"https:\/\/www.kravmaga-lemans.com\/index.php?rest_route=\/wp\/v2\/users\/1"}],"replies":[{"embeddable":true,"href":"https:\/\/www.kravmaga-lemans.com\/index.php?rest_route=%2Fwp%2Fv2%2Fcomments&post=2290"}],"version-history":[{"count":1,"href":"https:\/\/www.kravmaga-lemans.com\/index.php?rest_route=\/wp\/v2\/pages\/2290\/revisions"}],"predecessor-version":[{"id":2306,"href":"https:\/\/www.kravmaga-lemans.com\/index.php?rest_route=\/wp\/v2\/pages\/2290\/revisions\/2306"}],"wp:attachment":[{"href":"https:\/\/www.kravmaga-lemans.com\/index.php?rest_route=%2Fwp%2Fv2%2Fmedia&parent=2290"}],"curies":[{"name":"wp","href":"https:\/\/api.w.org\/{rel}","templated":true}]}}

<h1 style="text-align: center;"><strong><span style="color: #ff6600;">ACADÉMIE KRAV MAGA</span></strong></h1>
<p><a href="http://kravmaga-lemans.com/wp-content/uploads/2026/09/ChatGPT-Image-2-sept.-2026-17_55_19.png"><img loading="lazy" decoding="async" class="aligncenter wp-image-2303 size-full" src="http://kravmaga-lemans.com/wp-content/uploads/2026/09/ChatGPT-Image-2-sept.-2026-17_55_19.png" alt="" width="2172" height="724" srcset="http://kravmaga-lemans.com/wp-content/uploads/2026/09/ChatGPT-Image-2-sept.-2026-17_55_19.png 2172w, http://kravmaga-lemans.com/wp-content/uploads/2026/09/ChatGPT-Image-2-sept.-2026-17_55_19-300x100.png 300w, http://kravmaga-lemans.com/wp-content/uploads/2026/09/ChatGPT-Image-2-sept.-2026-17_55_19-1024x341.png 1024w, http://kravmaga-lemans.com/wp-content/uploads/2026/09/ChatGPT-Image-2-sept.-2026-17_55_19-768x256.png 768w, http://kravmaga-lemans.com/wp-content/uploads/2026/09/ChatGPT-Image-2-sept.-2026-17_55_19-1536x512.png 1536w, http://kravmaga-lemans.com/wp-content/uploads/2026/09/ChatGPT-Image-2-sept.-2026-17_55_19-2048x683.png 2048w" sizes="auto, (max-width: 2172px) 100vw, 2172px" /></a></p>
<h1 style="text-align: center;"><strong>Apprenez à vous défendre !</strong></h1>
<h1 style="text-align: center;"><strong>Gagnez en confiance !</strong></h1>
<h2 style="text-align: center;"><em>L’Académie Krav Maga propose des cours de self-défense au Mans et dans son agglomération. Une méthode réaliste, accessible et encadrée par des instructeurs expérimentés, adaptée aussi bien aux débutants qu’aux pratiquants souhaitant progresser.</em></h2>
<h1 style="text-align: center;"><span style="color: #ff6600;"><strong>NSCRIPTIONS 2026/2027</strong></span></h1>
<h3 style="text-align: center;"><em>Les inscriptions sont ouvertes pour la nouvelle saison. Plusieurs formules sont proposées selon votre salle et votre fréquence de pratique.</em></h3>
<p style="text-align: center;"><strong>1 salle :</strong> 265 €<br />
<strong>Accès illimité à toutes les salles :</strong> 365 €</p>
<p style="text-align: center;">Paiement possible en plusieurs fois :</p>
<p style="text-align: center;">(CB 1,2,3 ou 4x en Ligne / Chèques 1,2,3 ou 4x / Chèques ANCV / Pass Sports / Bon CAF</p>
<h3 style="text-align: center;"><strong>INSCRIPTION par salle ou Option FULL (Accès à toutes les salles) : </strong></h3>
<p style="text-align: center;">Salle Université Le Mans : <a href="https://academie-sarthoise-de-taekwondo.assoconnect.com/collect/description/747989-w-cours-krav-maga-salle-universite-le-mans-saison-2026-2027">https://academie-sarthoise-de-taekwondo.assoconnect.com/collect/description/747989-w-cours-krav-maga-salle-universite-le-mans-saison-2026-2027</a></p>
<p style="text-align: center;">Salle Notre-Dame : <a href="https://academie-sarthoise-de-taekwondo.assoconnect.com/collect/description/748875-w-cours-krav-maga-salle-notre-dame-saison-2026-2027">https://academie-sarthoise-de-taekwondo.assoconnect.com/collect/description/748875-w-cours-krav-maga-salle-notre-dame-saison-2026-2027</a></p>
<p style="text-align: center;">Salle Yvré l’Evêque : <a href="https://academie-sarthoise-de-taekwondo.assoconnect.com/collect/description/747992-w-cours-krav-maga-salle-yvre-leveque-saison-2026-2027">https://academie-sarthoise-de-taekwondo.assoconnect.com/collect/description/747992-w-cours-krav-maga-salle-yvre-leveque-saison-2026-2027</a></p>
<p style="text-align: center;">Salle Parigné L’Evêque : <a href="https://academie-sarthoise-de-taekwondo.assoconnect.com/collect/description/747991-w-cours-krav-maga-salle-parigne-leveque-saison-2026-2027">https://academie-sarthoise-de-taekwondo.assoconnect.com/collect/description/747991-w-cours-krav-maga-salle-parigne-leveque-saison-2026-2027</a></p>
<p style="text-align: center;">Salle Savigné-l&rsquo;Évêque : <a href="https://academie-sarthoise-de-taekwondo.assoconnect.com/collect/description/748872-w-cours-krav-maga-salle-savigne-l-eveque-saison-2026-2027">https://academie-sarthoise-de-taekwondo.assoconnect.com/collect/description/748872-w-cours-krav-maga-salle-savigne-l-eveque-saison-2026-2027</a></p>
<p style="text-align: center;">Salle Arnage :<a href="https://academie-sarthoise-de-taekwondo.assoconnect.com/collect/description/747983-w-cours-krav-maga-salle-arnage-saison-2026-2027"> https://academie-sarthoise-de-taekwondo.assoconnect.com/collect/description/747983-w-cours-krav-maga-salle-arnage-saison-2026-2027</a></p>
<h2 style="text-align: center;"><span style="color: #ff6600;"><strong>COURS D’ESSAI GRATUIT</strong></span></h2>
<p style="text-align: center;"><em>Vous souhaitez découvrir le Krav Maga avant de vous inscrire ? Venez participer gratuitement à un cours dans la salle de votre choix.</em></p>
<p style="text-align: center;"><em>Présentez-vous environ 15 minutes avant le début du cours, en tenue de sport, avec une bouteille d’eau et une serviette.</em></p>
<p style="text-align: center;"><a href="http://kravmaga-lemans.com/wp-content/uploads/2026/09/AKM-2-2-scaled.png"><img loading="lazy" decoding="async" class="aligncenter wp-image-2304 size-full" src="http://kravmaga-lemans.com/wp-content/uploads/2026/09/AKM-2-2-scaled.png" alt="" width="1811" height="2560" srcset="http://kravmaga-lemans.com/wp-content/uploads/2026/09/AKM-2-2-scaled.png 1811w, http://kravmaga-lemans.com/wp-content/uploads/2026/09/AKM-2-2-212x300.png 212w, http://kravmaga-lemans.com/wp-content/uploads/2026/09/AKM-2-2-724x1024.png 724w, http://kravmaga-lemans.com/wp-content/uploads/2026/09/AKM-2-2-768x1086.png 768w, http://kravmaga-lemans.com/wp-content/uploads/2026/09/AKM-2-2-1086x1536.png 1086w, http://kravmaga-lemans.com/wp-content/uploads/2026/09/AKM-2-2-1448x2048.png 1448w" sizes="auto, (max-width: 1811px) 100vw, 1811px" /></a></p>
<p>&nbsp;</p>

<p>ACADÉMIE KRAV MAGA Apprenez à vous défendre ! Gagnez en confiance ! L’Académie Krav Maga propose des cours de self-défense au Mans et dans son agglomération. Une méthode réaliste, accessible et encadrée par des instructeurs expérimentés, adaptée aussi bien aux &hellip; <a href="https://www.kravmaga-lemans.com/">Continuer la lecture <span class="meta-nav">&rarr;</span></a></p>
