{"id":1522,"date":"2015-03-12T19:00:44","date_gmt":"2015-03-12T18:00:44","guid":{"rendered":"http:\/\/www.kravmaga-lemans.com\/?page_id=1522"},"modified":"2016-02-04T19:10:32","modified_gmt":"2016-02-04T18:10:32","slug":"agir-contre-le-harcelement-a-lecole","status":"publish","type":"page","link":"https:\/\/www.kravmaga-lemans.com\/?page_id=1522","title":{"rendered":"Harc\u00e8lement, comment notre Acad\u00e9mie peut-elle vous aider ?"},"content":{"rendered":"<p style=\"text-align: center;\"><strong>\u00a0Conseils de Karim Mahaoui aux victimes et leurs parents <\/strong><\/p>\n<p style=\"text-align: justify;\">Caract\u00e9ris\u00e9e par des humiliations quotidiennes, isolement, terreur des petites victimes, d\u00e9pression et quelques fois suicide.<br \/>\nCe ph\u00e9nom\u00e8ne touche environ un enfant sur dix en primaire et au coll\u00e8ge, le harc\u00e8lement peut aller du vol de go\u00fbter ou des moqueries aux insultes, brimades ou menaces, jusqu\u2019aux coups, au racket ou aux violences sexuelles.<\/p>\n<p style=\"text-align: justify;\">L\u2019expansion des r\u00e9seaux sociaux rend la donne encore plus compliqu\u00e9e car le harc\u00e8lement se poursuit m\u00eame en dehors de l\u2019\u00e9cole.<\/p>\n<p style=\"text-align: justify;\">Si \u00e0 l&rsquo;\u00e9cole, tes camarades se moquent de toi, te volent ou\u00a0ab\u00eement\u00a0tes affaires, te donnent des surnoms m\u00e9chants, rigolent quand tu participes en classe. Si tu te sens mis de c\u00f4t\u00e9, s&rsquo;ils refusent de jouer avec toi dans la cours ou que tu partages leur table \u00e0 la cantine. Tout cela te blesse, tu ne sais pas comment arr\u00eater cette situation.<\/p>\n<p style=\"text-align: justify;\">Quand un \u00e9l\u00e8ve est victime de telles violences de fa\u00e7on r\u00e9p\u00e9t\u00e9e, cela s&rsquo;appelle du harc\u00e8lement. Personne ne doit subir cela, personne de doit rester silencieux !<\/p>\n<p style=\"text-align: center;\"><strong>Que pouvez- vous\u00a0faire ?<\/strong><\/p>\n<p style=\"text-align: center;\"><strong>Il faut en parler pour trouver des solutions !<\/strong><\/p>\n<p style=\"text-align: center;\">N&rsquo;essayez\u00a0pas de r\u00e9soudre le probl\u00e8me vous-m\u00eame par la violence.<\/p>\n<p style=\"text-align: center;\">Contactez nous au 06.68.34.29.37.<\/p>\n<p style=\"text-align: center;\"><strong><em>\u00ab\u00a0Chaque enfant doit \u00eatre prot\u00e9g\u00e9 contre les formes de violences.\u00a0\u00bb<\/em><\/strong><\/p>\n<p style=\"text-align: justify;\">Convention internationale des droits de l&rsquo;enfant, article 9.<\/p>\n","protected":false},"excerpt":{"rendered":"<p>\u00a0Conseils de Karim Mahaoui aux victimes et leurs parents Caract\u00e9ris\u00e9e par des humiliations quotidiennes, isolement, terreur des petites victimes, d\u00e9pression et quelques fois suicide. Ce ph\u00e9nom\u00e8ne touche environ un enfant sur dix en primaire et au coll\u00e8ge, le harc\u00e8lement peut &hellip; <a href=\"https:\/\/www.kravmaga-lemans.com\/?page_id=1522\">Continuer la lecture <span class=\"meta-nav\">&rarr;<\/span><\/a><\/p>\n","protected":false},"author":1,"featured_media":0,"parent":0,"menu_order":0,"comment_status":"closed","ping_status":"open","template":"","meta":{"footnotes":""},"class_list":["post-1522","page","type-page","status-publish","hentry"],"_links":{"self":[{"href":"https:\/\/www.kravmaga-lemans.com\/index.php?rest_route=\/wp\/v2\/pages\/1522","targetHints":{"allow":["GET"]}}],"collection":[{"href":"https:\/\/www.kravmaga-lemans.com\/index.php?rest_route=\/wp\/v2\/pages"}],"about":[{"href":"https:\/\/www.kravmaga-lemans.com\/index.php?rest_route=\/wp\/v2\/types\/page"}],"author":[{"embeddable":true,"href":"https:\/\/www.kravmaga-lemans.com\/index.php?rest_route=\/wp\/v2\/users\/1"}],"replies":[{"embeddable":true,"href":"https:\/\/www.kravmaga-lemans.com\/index.php?rest_route=%2Fwp%2Fv2%2Fcomments&post=1522"}],"version-history":[{"count":9,"href":"https:\/\/www.kravmaga-lemans.com\/index.php?rest_route=\/wp\/v2\/pages\/1522\/revisions"}],"predecessor-version":[{"id":1719,"href":"https:\/\/www.kravmaga-lemans.com\/index.php?rest_route=\/wp\/v2\/pages\/1522\/revisions\/1719"}],"wp:attachment":[{"href":"https:\/\/www.kravmaga-lemans.com\/index.php?rest_route=%2Fwp%2Fv2%2Fmedia&parent=1522"}],"curies":[{"name":"wp","href":"https:\/\/api.w.org\/{rel}","templated":true}]}}